{"id":91,"date":"2018-08-09T12:35:35","date_gmt":"2018-08-09T12:35:35","guid":{"rendered":"https:\/\/demo.themeisle.com\/neve\/?page_id=2"},"modified":"2020-07-05T18:33:22","modified_gmt":"2020-07-05T18:33:22","slug":"neve-home","status":"publish","type":"page","link":"https:\/\/hixi.com.mx\/","title":{"rendered":"Home"},"content":{"rendered":"<h1>Productos de artesan\u00eda mexicana de muy alta calidad<\/h1>\n<figure><a href=\"https:\/\/hixi.com.mx\/index.php\/tienda\/\"><img loading=\"lazy\" decoding=\"async\" width=\"45\" height=\"45\" src=\"https:\/\/hixi.com.mx\/wp-content\/uploads\/2018\/12\/neve-dollar-1.png\" alt=\"\" \/><\/a><\/figure>\n<h3><a href=\"https:\/\/hixi.com.mx\/index.php\/tienda\/\">Excelentes Precios<\/a><\/h3>\n<p>Visita Nuestra Tienda<\/p>\n<figure><img loading=\"lazy\" decoding=\"async\" width=\"45\" height=\"45\" src=\"https:\/\/hixi.com.mx\/wp-content\/uploads\/2018\/12\/neve-clock-1.png\" alt=\"\" \/><\/figure>\n<h3>Entregas en tiempo<\/h3>\n<figure><a href=\"#section2\"><img loading=\"lazy\" decoding=\"async\" width=\"45\" height=\"45\" src=\"https:\/\/hixi.com.mx\/wp-content\/uploads\/2018\/12\/neve-smile-1.png\" alt=\"\" \/><\/a><\/figure>\n<h3><a href=\"#section2\">Satisfacci\u00f3n Garantizada<\/a><\/h3>\n<p>Trabajamos directamente con las familias artesanas y los productos son \u00fanicos.<\/p>\n<p>\t\t\t\t\t\t\t\t\t\t<img loading=\"lazy\" decoding=\"async\" width=\"1032\" height=\"572\" src=\"https:\/\/hixi.com.mx\/wp-content\/uploads\/2019\/01\/LogoHixiArteHucholCatrinas.jpg\" alt=\"\" srcset=\"https:\/\/hixi.com.mx\/wp-content\/uploads\/2019\/01\/LogoHixiArteHucholCatrinas.jpg 1032w, https:\/\/hixi.com.mx\/wp-content\/uploads\/2019\/01\/LogoHixiArteHucholCatrinas-230x127.jpg 230w, https:\/\/hixi.com.mx\/wp-content\/uploads\/2019\/01\/LogoHixiArteHucholCatrinas-300x166.jpg 300w, https:\/\/hixi.com.mx\/wp-content\/uploads\/2019\/01\/LogoHixiArteHucholCatrinas-768x426.jpg 768w, https:\/\/hixi.com.mx\/wp-content\/uploads\/2019\/01\/LogoHixiArteHucholCatrinas-1024x568.jpg 1024w, https:\/\/hixi.com.mx\/wp-content\/uploads\/2019\/01\/LogoHixiArteHucholCatrinas-600x333.jpg 600w\" sizes=\"auto, (max-width: 1032px) 100vw, 1032px\" \/><br \/>\n\t\t\t<a href=\"#section3\" target=\"_blank\" role=\"button\" rel=\"noopener noreferrer\"><br \/>\n\t\t\t\t\t\tCatrinas<br \/>\n\t\t\t\t\t<\/a><br \/>\n\t\t\t<a href=\"#section2\" role=\"button\"><br \/>\n\t\t\t\t\t\tArte Huichol<br \/>\n\t\t\t\t\t<\/a><br \/>\n\t\t\tHIXI\t\t<\/p>\n<h2>Acerca de nosotros<\/h2>\n<p style=\"text-align: left;\">HIXI ARTE MEXICANO\u00a0 somos fabricantes y comercializamos productos de artesan\u00eda mexicana de muy alta calidad. Nos hemos especializado sobre todo en <b>catrinas<\/b> de cer\u00e1mica, productos con t\u00e9cnica de alebrije y <b>productos\u00a0<\/b>elaborados por familias <b>huicholes.<\/b><\/p>\n<h2>Nuestros Productos<\/h2>\n<p>\t\t\tNos<br \/>\nhemos especializado sobre todo en <b>catrinas<\/b><br \/>\nde cer\u00e1mica y <b>productos <\/b>elaborados<br \/>\njunto con familias <b>huicholes.<\/b>\t\t<\/p>\n<figure><a href=\"#section3\"><img loading=\"lazy\" decoding=\"async\" width=\"300\" height=\"197\" src=\"https:\/\/hixi.com.mx\/wp-content\/uploads\/2020\/07\/CATRINA-PRINCIPAL-1-300x197.jpg\" alt=\"\" srcset=\"https:\/\/hixi.com.mx\/wp-content\/uploads\/2020\/07\/CATRINA-PRINCIPAL-1-300x197.jpg 300w, https:\/\/hixi.com.mx\/wp-content\/uploads\/2020\/07\/CATRINA-PRINCIPAL-1-768x503.jpg 768w, https:\/\/hixi.com.mx\/wp-content\/uploads\/2020\/07\/CATRINA-PRINCIPAL-1-1024x671.jpg 1024w, https:\/\/hixi.com.mx\/wp-content\/uploads\/2020\/07\/CATRINA-PRINCIPAL-1-230x151.jpg 230w, https:\/\/hixi.com.mx\/wp-content\/uploads\/2020\/07\/CATRINA-PRINCIPAL-1-600x393.jpg 600w\" sizes=\"auto, (max-width: 300px) 100vw, 300px\" \/><\/a><\/figure>\n<h5><a href=\"#section3\">Catrinas<\/a><\/h5>\n<p>Artesan\u00eda en Cer\u00e1mica<\/p>\n<figure><a href=\"#section4\"><img decoding=\"async\" src=\"https:\/\/hixi.com.mx\/wp-content\/uploads\/elementor\/thumbs\/CRANEO-HUICHOL-o5xlerrpyaklu6niqr8wgreohvwik84uu9me81t3j8.jpg\" title=\"CRANEO HUICHOL\" alt=\"CRANEO HUICHOL\" \/><\/a><\/figure>\n<h5><a href=\"#section4\">Huichol<\/a><\/h5>\n<p>Artesan\u00eda Huichol<\/p>\n<figure><img decoding=\"async\" src=\"https:\/\/hixi.com.mx\/wp-content\/uploads\/elementor\/thumbs\/CAJAS-PINTADAS-ALEBRIJES-o5xlespk0qq4wobxa5tx484awrnvnkis2ipsolezjs.jpg\" title=\"CAJAS PINTADAS ALEBRIJES\" alt=\"CAJAS PINTADAS ALEBRIJES\" \/><\/figure>\n<h5>T\u00e9cnica Alebrije<\/h5>\n<p>Artesan\u00eda pintada a mano con t\u00e9cnica de alebrije de Oaxaca<\/p>\n<p>\t\t\tCatrinas\t\t<\/p>\n<h2>La Catrina<\/h2>\n<p>\t\t\tCada <b>Catrina<\/b> es una obra de arte, cada una es diferente, ni una ser\u00e1 igual a otra.<br \/>\n\t\t\t1\t\t<\/p>\n<h4>Origen<\/h4>\n<p>El origen de las catrinas sali\u00f3 en dibujos de las caricaturas hechas por <strong>Jos\u00e9 Guadalupe Posada<\/strong>, originario de Aguascalientes, 1852 \u2013 1913, dibujador, pintor, caricaturista creador de la \u201cCalavera Garbancera\u201d. Posada critic\u00f3 con estas figuras muchos aspectos de la vida pol\u00edtica y social, sobre todo la sociedad alta y la iglesia, durante la \u00e9poca del \u201cPorfiriato\u201d, los a\u00f1os de presidencia de Porfirio D\u00edaz, 1876 &#8211; 1910, un gobierno que ten\u00eda elementos de una dictadura, restringiendo la expresi\u00f3n libre de los ciudadanos. <strong>Diego Rivera<\/strong> es quien le da cuerpo a la \u201cCalavera Garbancera\u201d en su obra \u201dSue\u00f1o de una tarde dominical en la Alameda\u201d, d\u00e1ndole su atuendo caracter\u00edstico con su vestido, su sombrero y su estola de plumas.<\/p>\n<p>\t\t\t\t\t\t\t\t\t\t<img loading=\"lazy\" decoding=\"async\" width=\"150\" height=\"150\" src=\"https:\/\/hixi.com.mx\/wp-content\/uploads\/2019\/01\/GarbanceraPosadaCatrina-1-150x150.jpg\" alt=\"\" srcset=\"https:\/\/hixi.com.mx\/wp-content\/uploads\/2019\/01\/GarbanceraPosadaCatrina-1-150x150.jpg 150w, https:\/\/hixi.com.mx\/wp-content\/uploads\/2019\/01\/GarbanceraPosadaCatrina-1-160x160.jpg 160w\" sizes=\"auto, (max-width: 150px) 100vw, 150px\" \/><br \/>\n\t\t\t2\t\t<\/p>\n<h4>Personalidad \u00danica<\/h4>\n<p>Su catrina ser\u00e1 un valioso producto de la alta artesan\u00eda mexicana, con una expresi\u00f3n cultural y \u201cpersonalidad\u201d \u00fanica, hecho por un proceso complicado y cuidadoso.<\/p>\n<p>\t\t\t\t\t\t\t\t\t\t<img loading=\"lazy\" decoding=\"async\" width=\"750\" height=\"491\" src=\"https:\/\/hixi.com.mx\/wp-content\/uploads\/2020\/07\/CATRINA-PRINCIPAL-1-1024x671.jpg\" alt=\"\" srcset=\"https:\/\/hixi.com.mx\/wp-content\/uploads\/2020\/07\/CATRINA-PRINCIPAL-1-1024x671.jpg 1024w, https:\/\/hixi.com.mx\/wp-content\/uploads\/2020\/07\/CATRINA-PRINCIPAL-1-300x197.jpg 300w, https:\/\/hixi.com.mx\/wp-content\/uploads\/2020\/07\/CATRINA-PRINCIPAL-1-768x503.jpg 768w, https:\/\/hixi.com.mx\/wp-content\/uploads\/2020\/07\/CATRINA-PRINCIPAL-1-230x151.jpg 230w, https:\/\/hixi.com.mx\/wp-content\/uploads\/2020\/07\/CATRINA-PRINCIPAL-1-600x393.jpg 600w\" sizes=\"auto, (max-width: 750px) 100vw, 750px\" \/><br \/>\n\t\t\t3\t\t<\/p>\n<h4>Detallado<\/h4>\n<p style=\"text-align: left;\">Tiene un cuerpo hecho de una mezcla de pasta cer\u00e1mica compuesta de varias arcillas (<i>materiales<\/i> <i>sin plomo<\/i>). Despu\u00e9s de darle la forma en un molde se horneada con el resultado que el material se endurece. En el siguiente paso se aplica la pintura\u00a0 con materiales\u00a0 especiales por artesanos que dedican mucho cuidado en el desarrollo del conjunto, d\u00e1ndoles dibujos, formas y\u00a0 colores de una manera de que la pieza luzca arm\u00f3nicamente.\u00a0<\/p>\n<p>\t\t\t\t\t\t\t\t\t\t<img loading=\"lazy\" decoding=\"async\" width=\"300\" height=\"300\" src=\"https:\/\/hixi.com.mx\/wp-content\/uploads\/2020\/07\/CATRIN-PRINCIPAL-2-300x300.jpg\" alt=\"\" srcset=\"https:\/\/hixi.com.mx\/wp-content\/uploads\/2020\/07\/CATRIN-PRINCIPAL-2-300x300.jpg 300w, https:\/\/hixi.com.mx\/wp-content\/uploads\/2020\/07\/CATRIN-PRINCIPAL-2-150x150.jpg 150w, https:\/\/hixi.com.mx\/wp-content\/uploads\/2020\/07\/CATRIN-PRINCIPAL-2-768x768.jpg 768w, https:\/\/hixi.com.mx\/wp-content\/uploads\/2020\/07\/CATRIN-PRINCIPAL-2-1024x1024.jpg 1024w, https:\/\/hixi.com.mx\/wp-content\/uploads\/2020\/07\/CATRIN-PRINCIPAL-2-230x230.jpg 230w, https:\/\/hixi.com.mx\/wp-content\/uploads\/2020\/07\/CATRIN-PRINCIPAL-2-600x600.jpg 600w, https:\/\/hixi.com.mx\/wp-content\/uploads\/2020\/07\/CATRIN-PRINCIPAL-2-160x160.jpg 160w\" sizes=\"auto, (max-width: 300px) 100vw, 300px\" \/><br \/>\n\t\t\t4\t\t<\/p>\n<h4>Acabado espectacular<\/h4>\n<p>Terminando la pintura la pieza se hornea una segunda vez a temperatura muy alta con el riesgo que un cierto porcentaje f\u00e1cilmente se puede da\u00f1ar. Pero la catrina que usted tendr\u00e1 en sus manos es resistente a cualquier clima o cualquier temperatura y a cierto grado de ligeros golpes.<\/p>\n<p>\t\t\t\t\t\t\t\t\t\t<img loading=\"lazy\" decoding=\"async\" width=\"750\" height=\"516\" src=\"https:\/\/hixi.com.mx\/wp-content\/uploads\/2020\/07\/CATRINA-PRINCIPAL-3--1024x704.jpg\" alt=\"\" srcset=\"https:\/\/hixi.com.mx\/wp-content\/uploads\/2020\/07\/CATRINA-PRINCIPAL-3--1024x704.jpg 1024w, https:\/\/hixi.com.mx\/wp-content\/uploads\/2020\/07\/CATRINA-PRINCIPAL-3--300x206.jpg 300w, https:\/\/hixi.com.mx\/wp-content\/uploads\/2020\/07\/CATRINA-PRINCIPAL-3--768x528.jpg 768w, https:\/\/hixi.com.mx\/wp-content\/uploads\/2020\/07\/CATRINA-PRINCIPAL-3--230x158.jpg 230w, https:\/\/hixi.com.mx\/wp-content\/uploads\/2020\/07\/CATRINA-PRINCIPAL-3--600x413.jpg 600w\" sizes=\"auto, (max-width: 750px) 100vw, 750px\" \/><br \/>\n\t\t\tArte Huichol\t\t<\/p>\n<h2>Arte Huichol<\/h2>\n<p>\t\t\tLos productos artesanales del pueblo huichol se dividen en dos grupos: Los que se confeccionan para vender y los que tienen un fin religioso.<br \/>\n<br \/> Dentro del primer grupo se destacan un gran n\u00famero de art\u00edculos.\t\t<\/p>\n<figure><img loading=\"lazy\" decoding=\"async\" width=\"283\" height=\"178\" src=\"https:\/\/hixi.com.mx\/wp-content\/uploads\/2019\/02\/Huicholes.jpg\" alt=\"\" srcset=\"https:\/\/hixi.com.mx\/wp-content\/uploads\/2019\/02\/Huicholes.jpg 283w, https:\/\/hixi.com.mx\/wp-content\/uploads\/2019\/02\/Huicholes-230x145.jpg 230w\" sizes=\"auto, (max-width: 283px) 100vw, 283px\" \/><\/figure>\n<p>Arte Huichol\t\t<\/p>\n<p>Trabajamos con unas familias directamente sobre todo en productos cubiertos con chaquira y bajo el principio del \u201cfair trade\u201d, que significa que se les pagan precios justos, que honran su trabajo y que les dan un buen margen de ganancia para una vida digna.<\/p>\n<p>Estos artesanos han comprobado que hacen trabajos de primer\u00edsima calidad y con un gusto exclusivo de armon\u00eda en formas, dibujos y colores.<\/p>\n<p>Se cubre una gama amplia: Desde grandes figuras de animales como \u00e1guilas, tortugas, o cajas de muchos diferentes tama\u00f1os, hasta piezas muy peque\u00f1as como huevos o esferas.\u00a0<\/p>\n<p>Para nuestros clientes y a su petici\u00f3n, las familias huicholes hicieron trabajos muy especiales y extraordinarios como la decoraci\u00f3n de botellas u otros art\u00edculos muy especiales con chaquira, e incluyendo los logotipos de compa\u00f1\u00edas.\u00a0\u00a0<\/p>\n<dl class='gallery-item'>\n<dt class='gallery-icon landscape'>\n\t\t\t\t<a data-elementor-open-lightbox=\"yes\" data-elementor-lightbox-slideshow=\"3ea1893\" data-elementor-lightbox-title=\"AGUILA HUICHOL\" href='https:\/\/hixi.com.mx\/wp-content\/uploads\/2019\/02\/AGUILA-HUICHOL.jpg'><img loading=\"lazy\" decoding=\"async\" width=\"150\" height=\"150\" src=\"https:\/\/hixi.com.mx\/wp-content\/uploads\/2019\/02\/AGUILA-HUICHOL-150x150.jpg\" alt=\"\" srcset=\"https:\/\/hixi.com.mx\/wp-content\/uploads\/2019\/02\/AGUILA-HUICHOL-150x150.jpg 150w, https:\/\/hixi.com.mx\/wp-content\/uploads\/2019\/02\/AGUILA-HUICHOL-160x160.jpg 160w\" sizes=\"auto, (max-width: 150px) 100vw, 150px\" \/><\/a>\n\t\t\t<\/dt>\n<\/dl>\n<dl class='gallery-item'>\n<dt class='gallery-icon landscape'>\n\t\t\t\t<a data-elementor-open-lightbox=\"yes\" data-elementor-lightbox-slideshow=\"3ea1893\" data-elementor-lightbox-title=\"CRANEO HUICHOL\" href='https:\/\/hixi.com.mx\/wp-content\/uploads\/2019\/02\/CRANEO-HUICHOL.jpg'><img loading=\"lazy\" decoding=\"async\" width=\"150\" height=\"150\" src=\"https:\/\/hixi.com.mx\/wp-content\/uploads\/2019\/02\/CRANEO-HUICHOL-150x150.jpg\" alt=\"\" srcset=\"https:\/\/hixi.com.mx\/wp-content\/uploads\/2019\/02\/CRANEO-HUICHOL-150x150.jpg 150w, https:\/\/hixi.com.mx\/wp-content\/uploads\/2019\/02\/CRANEO-HUICHOL-160x160.jpg 160w\" sizes=\"auto, (max-width: 150px) 100vw, 150px\" \/><\/a>\n\t\t\t<\/dt>\n<\/dl>\n<dl class='gallery-item'>\n<dt class='gallery-icon portrait'>\n\t\t\t\t<a data-elementor-open-lightbox=\"yes\" data-elementor-lightbox-slideshow=\"3ea1893\" data-elementor-lightbox-title=\"BOTELLA HUICHOL GRANDE\" href='https:\/\/hixi.com.mx\/wp-content\/uploads\/2019\/02\/BOTELLA-HUICHOL-GRANDE.jpg'><img loading=\"lazy\" decoding=\"async\" width=\"150\" height=\"150\" src=\"https:\/\/hixi.com.mx\/wp-content\/uploads\/2019\/02\/BOTELLA-HUICHOL-GRANDE-150x150.jpg\" alt=\"\" srcset=\"https:\/\/hixi.com.mx\/wp-content\/uploads\/2019\/02\/BOTELLA-HUICHOL-GRANDE-150x150.jpg 150w, https:\/\/hixi.com.mx\/wp-content\/uploads\/2019\/02\/BOTELLA-HUICHOL-GRANDE-160x160.jpg 160w\" sizes=\"auto, (max-width: 150px) 100vw, 150px\" \/><\/a>\n\t\t\t<\/dt>\n<\/dl>\n<dl class='gallery-item'>\n<dt class='gallery-icon landscape'>\n\t\t\t\t<a data-elementor-open-lightbox=\"yes\" data-elementor-lightbox-slideshow=\"3ea1893\" data-elementor-lightbox-title=\"TORTUGA HUICHOL\" href='https:\/\/hixi.com.mx\/wp-content\/uploads\/2019\/02\/TORTUGA-HUICHOL.jpg'><img loading=\"lazy\" decoding=\"async\" width=\"150\" height=\"150\" src=\"https:\/\/hixi.com.mx\/wp-content\/uploads\/2019\/02\/TORTUGA-HUICHOL-150x150.jpg\" alt=\"\" srcset=\"https:\/\/hixi.com.mx\/wp-content\/uploads\/2019\/02\/TORTUGA-HUICHOL-150x150.jpg 150w, https:\/\/hixi.com.mx\/wp-content\/uploads\/2019\/02\/TORTUGA-HUICHOL-160x160.jpg 160w\" sizes=\"auto, (max-width: 150px) 100vw, 150px\" \/><\/a>\n\t\t\t<\/dt>\n<\/dl>\n<p><br style=\"clear: both\" \/><\/p>\n<h4 style=\"margin-bottom: 0px; font-size: 25px; font-weight: 400; font-family: Poppins, sans-serif; line-height: 40px; color: #313131; text-align: center;\" data-elementor-setting-key=\"title\" data-pen-placeholder=\"Teclea aqu\u00ed...\">Visita nuestra Tienda<\/h4>\n<p>\t\t\t<a href=\"https:\/\/hixi.com.mx\/index.php\/tienda\/\" role=\"button\"><br \/>\n\t\t\t\t\t\tTienda<br \/>\n\t\t\t\t\t<\/a><\/p>\n<h4>Inicia tu recorrido con nosotros<\/h4>\n<p>\t\t\t<a href=\"#\" role=\"button\"><br \/>\n\t\t\t\t\t\tIr al Inicio<br \/>\n\t\t\t\t\t<\/a><\/p>\n<h2>Nuestro Blog<\/h2>\n<p>\t\t\tSigue nuestros pasos<br \/>\n\t\t\t\t\t\t\t\t\t\t<img loading=\"lazy\" decoding=\"async\" width=\"1024\" height=\"1024\" src=\"https:\/\/hixi.com.mx\/wp-content\/uploads\/2019\/01\/IMG-20190129-WA0045.jpg\" alt=\"\" srcset=\"https:\/\/hixi.com.mx\/wp-content\/uploads\/2019\/01\/IMG-20190129-WA0045.jpg 1024w, https:\/\/hixi.com.mx\/wp-content\/uploads\/2019\/01\/IMG-20190129-WA0045-150x150.jpg 150w, https:\/\/hixi.com.mx\/wp-content\/uploads\/2019\/01\/IMG-20190129-WA0045-300x300.jpg 300w, https:\/\/hixi.com.mx\/wp-content\/uploads\/2019\/01\/IMG-20190129-WA0045-768x768.jpg 768w, https:\/\/hixi.com.mx\/wp-content\/uploads\/2019\/01\/IMG-20190129-WA0045-230x230.jpg 230w, https:\/\/hixi.com.mx\/wp-content\/uploads\/2019\/01\/IMG-20190129-WA0045-600x600.jpg 600w, https:\/\/hixi.com.mx\/wp-content\/uploads\/2019\/01\/IMG-20190129-WA0045-160x160.jpg 160w\" sizes=\"auto, (max-width: 1024px) 100vw, 1024px\" \/>\t\t\t\t\t\t\t\t\t\t\t<\/p>\n<h3>Visitanos en nuestros bazares o centros de distribuci\u00f3n!<\/h3>\n<h2>Cont\u00e1ctanos<\/h2>\n<p>\t\t[wpforms id=&#8221;1361&#8243; title=&#8221;false&#8221; description=&#8221;false&#8221;]<br \/>\n\t\t\t<?php echo do_shortcode( '[pirate_forms]' ) ?>\t\t<\/p>\n<h6><a href=\"#section2\">Nuestros Productos<\/a><\/h6>\n<p>Tenemos lo que necesitas<\/p>\n<h6><a href=\"#section1\">Acerca de Nosotros<\/a><\/h6>\n<p>Con\u00f3cenos<\/p>\n<h6>Atenci\u00f3n a Clientes<\/h6>\n<p>Lunes a Viernes  |  8:30 am &#8211; 5:30 pm <br \/>S\u00e1bados |  8:30 am &#8211; 1:00 pm<br \/>Tel. 418 688 1482  |   WatsApp. 418 193 3414<br \/>\n<br \/> E-mail: <br \/> contacto@hixi.com.mx <br \/> <br \/>\nDolores Hidalgo, Guanajuato. <br \/>M\u00e9xico.<\/p>\n<h6>Siguenos<\/h6>\n<p>    <a href=\"https:\/\/www.facebook.com\/Hixi-Arte-Mexicano-470872713114357\/\"><img decoding=\"async\" src=\"http:\/\/hixi.com.mx\/wp-content\/uploads\/2018\/11\/neve-facebook.png\"><\/a><br \/>\n    <a href=\"https:\/\/www.instagram.com\/hixiartemexicano\"><img decoding=\"async\" src=\"http:\/\/hixi.com.mx\/wp-content\/uploads\/2018\/11\/neve-instagram.png\"><\/a><\/p>\n<style>\n     .neve-social {margin-right: 10px;}\n     .neve-social:hover {filter: grayscale(100%) brightness(40%) sepia(100%) hue-rotate(-50deg) saturate(600%) contrast(0.8);     transition: all ease 0.25s;};\n     <\/style>\n<h2>Below you will find the CSS for disabling animations on tablet\/mobile, enable animation delay on desktop, IE fixes<\/h2>\n<style>\n\/*Disable animations on table\/mobile*\/\n@media only screen and (max-width : 768px) {\n.animated, .animated.animated-slow {\n    -webkit-animation-duration: 0s;\n    animation-duration: 0s;\n}\n.fadeIn, .fadeInRight, .fadeInLeft, .fadeInUp, .fadeInDown {\n        animation-name: none;\n    }\n}\n\/*Fix flexbox IE11 width issue*\/\n@media only screen and (min-width : 991px) {\n.nv-ie-width .elementor-column-wrap {\n    min-width: 452px;\n}\n}\n\/*Center subscribe button on mobile*\/\n@media only screen and (max-width : 468px) {\n    #nv-mobile-subscribe .content-form .submit-form {\n        width: initial;\n    }\n}\n\/*Add space to contact form submit button*\/\n#nv-contact-form .content-form .submit-form {\n    margin-top: 20px;\n}\n<\/style>\n","protected":false},"excerpt":{"rendered":"<p>Productos de artesan\u00eda mexicana de muy alta calidad Excelentes Precios Visita Nuestra Tienda Entregas en tiempo Satisfacci\u00f3n Garantizada Trabajamos directamente con las familias artesanas y los productos son \u00fanicos. Catrinas Arte Huichol HIXI Acerca de nosotros HIXI ARTE MEXICANO\u00a0 somos fabricantes y comercializamos productos de artesan\u00eda mexicana de muy alta calidad. Nos hemos especializado sobre&hellip;&nbsp;<a href=\"https:\/\/hixi.com.mx\/\" class=\"\" rel=\"bookmark\">Leer m\u00e1s &raquo;<span class=\"screen-reader-text\">Home<\/span><\/a><\/p>\n","protected":false},"author":23473,"featured_media":0,"parent":0,"menu_order":0,"comment_status":"closed","ping_status":"closed","template":"page-templates\/template-pagebuilder-full-width.php","meta":{"footnotes":""},"class_list":["post-91","page","type-page","status-publish","hentry"],"_links":{"self":[{"href":"https:\/\/hixi.com.mx\/index.php\/wp-json\/wp\/v2\/pages\/91","targetHints":{"allow":["GET"]}}],"collection":[{"href":"https:\/\/hixi.com.mx\/index.php\/wp-json\/wp\/v2\/pages"}],"about":[{"href":"https:\/\/hixi.com.mx\/index.php\/wp-json\/wp\/v2\/types\/page"}],"author":[{"embeddable":true,"href":"https:\/\/hixi.com.mx\/index.php\/wp-json\/wp\/v2\/users\/23473"}],"replies":[{"embeddable":true,"href":"https:\/\/hixi.com.mx\/index.php\/wp-json\/wp\/v2\/comments?post=91"}],"version-history":[{"count":252,"href":"https:\/\/hixi.com.mx\/index.php\/wp-json\/wp\/v2\/pages\/91\/revisions"}],"predecessor-version":[{"id":1857,"href":"https:\/\/hixi.com.mx\/index.php\/wp-json\/wp\/v2\/pages\/91\/revisions\/1857"}],"wp:attachment":[{"href":"https:\/\/hixi.com.mx\/index.php\/wp-json\/wp\/v2\/media?parent=91"}],"curies":[{"name":"wp","href":"https:\/\/api.w.org\/{rel}","templated":true}]}}